(base 9) to base 10.
-118131
Convert -27102 (base 13) to base 16.
-11be0
Convert -54d67 (base 16) to base 5.
-42104440
1063240 (base 9) to base 16
8bf08
Convert 243222332 (base 5) to base 13.
312988
What is 3728831 (base 12) in base 4?
221002002211
Convert 1000012122022 (base 3) to base 2.
10000010110000000001
-11022212200 (base 3) to base 7
-503256
2334043 (base 7) to base 9
487657
What is 513247 (base 8) in base 3?
22121200221
2aa848 (base 11) to base 16
75e1a
What is -5415644 (base 8) in base 7?
-15213051
What is 63222005 (base 7) in base 14?
9cb8ac
Convert -159ea8 (base 15) to base 4.
-3333122213
-6968970 (base 10) to base 8
-32453212
Convert 62931 (base 11) to base 8.
262757
Convert -457449 (base 13) to base 12.
-673539
What is -110000110110010110111 (base 2) in base 6?
-54150343
What is 333430033 (base 5) in base 8?
5462176
Convert 5214121 (base 6) to base 3.
110202100211
32232012103 (base 4) to base 16
3ae193
Convert -20011211120020 (base 3) to base 7.
-36624561
Convert 30313330 (base 4) to base 10.
52732
-1a66696 (base 11) to base 15
-48ab09
What is -5065662 (base 7) in base 6?
-20543320
Convert 104201430 (base 5) to base 16.
7035f
Convert 1341626 (base 8) to base 11.
23889a
Convert -1915973 (base 13) to base 12.
-28bab1b
Convert 1222540 (base 6) to base 2.
1111111110011100
What is 172486 (base 9) in base 13?
39822
What is -160160 (base 13) in base 6?
-15345242
b232 (base 15) to base 5
2200442
What is -235444 (base 9) in base 15?
-2c02a
-14ab30c (base 13) to base 11
-3813462
-3b309 (base 16) to base 7
-2026553
Convert 14313030 (base 5) to base 16.
24de7
What is -22132120 (base 4) in base 3?
-2011212001
What is -334102040 (base 5) in base 3?
-2202210101220
-14543452 (base 6) to base 8
-1746730
What is -23210 (base 13) in base 12?
-310a8
867992 (base 14) to base 13
c35bb2
Convert -103223331 (base 5) to base 3.
-211122001202
Convert 2012212001 (base 3) to base 2.
1010101001110001
Convert -11220202121 (base 3) to base 9.
-156677
Convert 5f4257 (base 16) to base 4.
113310021113
221205 (base 9) to base 11
90296
What is 20531725 (base 8) in base 12?
1569905
-30245564 (base 8) to base 13
-1423383
Convert -721a7 (base 13) to base 5.
-23022002
-45b57 (base 15) to base 4
-312023230
Convert 30461 (base 7) to base 13.
3506
1891711 (base 11) to base 8
14136110
What is -1084 (base 9) in base 13?
-49c
What is 20412400 (base 5) in base 15?
35450
422154104 (base 6) to base 7
116533612
Convert 5299 (base 15) to base 11.
12141
Convert 231113032133 (base 4) to base 12.
3b9587b
-673929 (base 11) to base 9
-2016108
Convert 110335 (base 7) to base 11.
1361a
-265955 (base 10) to base 3
-111111211012
What is 124302402 (base 5) in base 10?
619102
What is 21422 (base 16) in base 6?
2530402
-10a51e (base 15) to base 6
-25005115
Convert 676144 (base 11) to base 8.
4067324
Convert -1510612 (base 8) to base 7.
-3442012
-53362 (base 10) to base 4
-31001302
-454a5a (base 12) to base 15
-16d1da
What is 17c518 (base 14) in base 8?
3151732
Convert 361354 (base 7) to base 8.
177514
Convert -1202211012212 (base 3) to base 2.
-11100101110011110001
What is -2671076 (base 8) in base 4?
-2313020332
What is -3021103003 (base 4) in base 15?
-11447a
What is -12131020 (base 5) in base 12?
-56326
-1465515 (base 7) to base 11
-12822a
What is -344d6d (base 14) in base 13?
-4a4704
Convert 99688c (base 15) to base 5.
3332442212
10001110001001011111000 (base 2) to base 11
26a1616
What is -2111052 (base 9) in base 16?
-113b34
What is -20520554 (base 6) in base 12?
-25015a
Convert 3214d6 (base 14) to base 7.
20253556
Convert -784bb8 (base 15) to base 3.
-101210110101002
Convert 1938316 (base 10) to base 13.
52b343
430202 (base 5) to base 13
674a
-231424110 (base 6) to base 13
-b6b329
What is -3736876 (base 9) in base 13?
-562137
What is -535244 (base 6) in base 14?
-12032
Convert -67918 (base 10) to base 7.
-402004
Convert 2111121022211 (base 3) to base 12.
542087
Convert 110110001110111111011110 (base 2) to base 15.
13ac772
What is 493a4 (base 14) in base 13?
63694
130344424 (base 5) to base 12
268b01
Convert -2520501 (base 7) to base 12.
-137879
100001111101100100010 (base 2) to base 8
4175442
-11390069 (base 10) to base 12
-3993585
2110010232 (base 4) to base 2
10010100000100101110
Convert 1010001101110111000 (base 2) to base 16.
51bb8
56566 (base 9) to base 16
930c
What is -31310111 (base 6) in base 15?
-12ee71
-3d968 (base 14) to base 9
-252511
What is -1423b2 (base 16) in base 12?
-537982
-8b637 (base 12) to base 9
-312777
What is -1431716 (base 14) in base 9?
-20386328
1100000101100010010 (base 2) to base 8
1405422
What is -48504 (base 11) in base 14?
-1b633
Convert 279057 (base 13) to base 12.
3a4b06
-120b989 (base 12) to base 11
-1a83717
What is -2ce13 (base 15) in base 9?
-240710
1291059 (base 10) to base 4
10323030303
What is -61274133 (base 8) in base 16?
-c5785b
4580072 (base 11) to base 15
a82e3b
66365320 (base 8) to base 6
1230033412
What is -47003c (base 15) in base 11?
-1a07455
4722e (base 16) to base 14
78286
-24466505 (base 7) to base 16
-219818
2852 (base 10) to base 9
3818
-1072316 (base 8) to base 7
-2324306
-24015770 (base 9) to base 3
-211000112212100
Convert -344985 (base 11) to base 5.
-120020343
-220202002012010 (base 3) to base 7
-216525504
-4123341 (base 7) to base 15
-9b2e0
Convert -155638 (base 9) to base 11.
-66161
-49a130 (base 13) to base 11
-aa568a
Convert -1670614 (base 9) to base 11.
-58738a
Convert -428523 (base 10) to base 8.
-1504753
Convert 10101111403 (base 5) to base 10.
10175853
Convert 10101101011010010 (base 2) to base 12.
4346a
Convert 5d091 (base 16) to base 10.
381073
-4017a5 (base 11) to base 6
-21505013
What is -266550 (base 8) in base 2?
-10110110101101000
110010011010111 (base 2) to base 10
25815
Convert -100111111011010 (base 2) to base 5.
-1123232
12436 (base 13) to base 16
838c
What is -e58a5 (base 16) in base 15?
-13889c
What is -1030223132 (base 4) in base 15?
-630d8
Convert -37a64a (base 11) to base 6.
-20504310
Convert -1101110001011101000 (base 2) to base 3.
-211221001222
Convert 3050045 (base 8) to base 13.
2233b0
What is -188176 (base 10) in base 5?
-22010201
103433 (base 7) to base 15
553b
Convert 10122000210 (base 3) to base 10.
71463
Convert -10111101001101 (base 2) to base 8.
-27515
What is 207446 (base 8) in base 7?
406242
1266750 (base 8) to base 9
602071
-34539 (base 11) to base 4
-30023212
What is 424220204 (base 6) in base 4?
130202330230
-1663425 (base 9) to base 14
-1a20b9
Convert 2a5a67 (base 14) to base 5.
334204304
What is -510134 (base 6) in base 11?
-28257
What is 10202221220002 (base 3) in base 12?
809462
Convert 85a860 (base 15) to base 8.
30215165
-1153277 (base 8) to base 12
-133627
What is -101011101101110010110010 (base 2) in base 16?
-aedcb2
What is 3561634 (base 9) in base 6?
105212004
What is 10601 (base 12) in base 7?
116656
Convert -292b19 (base 14) to base 6.
-50344003
Convert -26057 (base 14) to base 2.
-10110110010111101
What is 1c4ba (base 15) in base 10?
92200
What is 11011101110101110 (base 2) in base 14?
2d570
What is 2c0ab (base 14) in base 5?
12004121
What is -7c74 (base 16) in base 2?
-111110001110100
1896a87 (base 12) to base 3
100201221000011
What is 111101010111001 (base 2) in base 3?
1121002121
Convert -6237666 (base 12) to base 2.
-1000110100001110111101110
121200122212 (base 3) to base 11
204916
Convert 12066166 (base 7) to base 11.
674a69
Convert -1154747 (base 8) to base 4.
-1031213213
310411201 (base 5) to base 7
13511044
-33123202 (base 4) to base 11
-43537
Convert -152643 (base 9) to base 10.
-93837
Convert 155184 (base 10) to base 11.
a6657
What is 10222303 (base 7) in base 10?
862795
What is 7024565 (base 8) in base 16?
1c2975
3442076 (base 10) to base 4
31020112130
Convert -100101000000010100010 (base 2) to base 12.
-4a5882
What is -317413 (base 10) in base 12?
-133831
a5dd (base 14) to base 11
1a554
Convert -111000001111000010000001 (base 2) to base 4.
-320033002001
What is -102a020 (base 11) in base 7?
-21264066
Convert -46151431 (base 7) to base 6.
-222210451
Convert 169688 (base 10) to base 13.
5c30c
Convert 2929463 (base 12) to base 8.
37426513
Convert 4424323 (base 6) to base 2.
110110000001111011
What is 7b5a23 (base 15) in base 10?
5891658
Convert a11c (base 13) to